 + 4 - 2 - (13 - 12)
1
Calculate (-14 - (1 - 1)) + 13.
-1
Evaluate -2 - (11 - 6) - -16.
9
(0 - 1) + 3 + -8 + -2
-8
What is -6 + -2 - (-24 + 25)?
-9
What is -5 - -2 - (-5 + (0 - 2))?
4
What is the value of 6 - 7 - (-2 + 4) - -2?
-1
Calculate 10 + -7 + 1 - 2.
2
-3 + (-4 - (-2 - 0 - 1))
-4
What is the value of -18 + 12 + (1 - (0 + 0))?
-5
What is the value of 8 + (-10 - -9) - 2?
5
Calculate 0 + 1 + (-86 - -87).
2
What is (60 - 64) + (0 - -10)?
6
What is 0 - (-7 + 2 + 2)?
3
What is the value of (4 - -1) + (-4 - (0 + 1))?
0
Calculate 3 - ((2 - -1) + (-1 - -2)).
-1
0 + 0 - ((4 - 9) + 1)
4
Calculate 3 + -4 + -2 - 1.
-4
-4 + (-2 - -10) - 3
1
What is 2 - (-6 + (-4 - (-11 - 4)))?
-3
What is 4 - ((4 - 7) + (-3 - -2))?
8
What is the value of -14 + 22 + 0 + 1?
9
Evaluate 4 + -5 + 2 - 6.
-5
What is -6 + -2 + 2 - (1 - 1)?
-6
Calculate -1 + (2 - 8) + 10.
3
Calculate -1 - (-9 + 7) - 1.
0
What is the value of -3 - (-7 + 2) - 6?
-4
What is -7 + (-5 - -7) - (2 + -3)?
-4
What is 7 + -4 + -3 + (-4 - 0)?
-4
13 + -8 - (1 - 0)
4
What is (1 - -6) + (-252 - -240)?
-5
What is 1 + 7 - (1 - (-7 + 2))?
2
What is 0 + 0 + -10 + 7?
-3
What is 6 + (0 - (7 - 8)) + 0?
7
What is the value of -17 - (-11 - -5) - (0 + -6)?
-5
Evaluate 2 + (-6 + -7 + 19 - 9).
-1
What is the value of 4 - 13 - -8 - (-4 - -1)?
2
What is -4 - -2 - -1 - -5 - 3?
1
-6 + (-5 - -8) - (3 - 13)
7
Calculate (18 + -10 - 9) + -3.
-4
What is the value of 3 + 1 + (3 - -3 - 5)?
5
Calculate 7 + -9 + -1 + -1.
-4
0 + -2 + 0 + -1
-3
What is the value of (-4 - 3 - (4 + 2)) + 5?
-8
What is the value of (3 - (-1 + -1) - 3) + 0?
2
What is (-7 - -10) + 2 + -1 + -3?
1
Evaluate 4 + (0 - 4 - 4).
-4
Evaluate 2 - (-4 - -8 - 2 - -2).
-2
Calculate -1 + 1 - 3 - (119 + -126).
4
What is 6 - (0 + -5 + 12 + -4)?
3
Calculate -37 - -30 - (-1 + -8).
2
What is -2 + 3 + -1 - -1?
1
What is -6 - -10 - (15 - (0 + 4))?
-7
Calculate -3 + 1 - (2 - -1).
-5
Evaluate -6 + (-3 - 0) + 7.
-2
Calculate -13 + 9 - (-1 + -3).
0
4 + 2 + 3 - 8
1
Evaluate 3 - (-3 + 7 - -4).
-5
Calculate 9 + (-6 - 8) + -2.
-7
What is -2 - (2 + (5 + -5 - 2))?
-2
Evaluate -4 - ((4 + 5 - 5) + -5).
-3
(-5 - -1) + 20 + -11 + -1
4
Calculate -1 - (3 + -1) - (1 + -7).
3
What is the value of 1 + ((1 - -2) + -4 - 3)?
-3
Calculate 0 - (-9 - -7) - (-6 - -1).
7
Evaluate 5 - -4 - (-6 - (-1 - 3)).
11
10 + (-3 - 5) - 7
-5
What is 1 - 1 - ((0 - -2) + -5)?
3
(-3 - 2) + (3 - -2)
0
Evaluate 3 - (0 - (12 - 7)).
8
Evaluate -3 + 0 + 1 + (-16 - -21).
3
Calculate (-4 + 3 - -9) + 1 + -5.
4
What is 0 + -1 + (14 - 16)?
-3
What is 0 + -3 + 0 - (-5 - 1)?
3
7 - 4 - 8 - -2 - -1
-2
-9 - -19 - (0 + 8)
2
-7 + -5 + 9 - (-2 - -1)
-2
What is the value of (-182 - -173) + 1 + 5?
-3
6 + -2 + (27 - 29)
2
Calculate 0 - ((3 + 5 - 4) + 1).
-5
Calculate 0 + -2 + -1 + -3 + 1.
-5
Evaluate -1 + -3 + 4 + -2.
-2
-4 + -1 - (5 - (0 - -8))
-2
Calculate 2 - 0 - (-23 + 27).
-2
Evaluate (-22 - -23) + -1 + 0.
0
Calculate -3 - (-12 + 6 - (1 - 7)).
-3
What is the value of 2 + (9 - 8) + (-7 - 3)?
-7
-3 - (3 + (-4 - 2) + -2)
2
Calculate (-3 - 3) + (-3 - (-2 - 3)).
-4
What is (-1 - -2) + 0 + -1?
0
What is the value of 0 + (-4 - (-4 - 2))?
2
What is the value of (9 - 11) + (1 - 1)?
-2
What is 10 + (0 + 6 - 19)?
-3
Calculate 5 - 10 - (7 - 6).
-6
Evaluate 4 + -5 + (0 - 2 - -8).
5
What is the value of 1 + 0 - 6 - 0?
-5
What is (0 - (-3 - -3)) + 6 - 3?
3
Evaluate -10 + (6 - -3) + 3 + -7.
-5
Calculate 12 + -2 + -37 + 18.
-9
What is 10 + -1 + (-4 - 0)?
5
Evaluate (-5 - (9 + 0 - 5)) + 3.
-6
Calculate 2 - 0 - 4 - -7 - 4.
1
-4 + (5 + -1 - (7 - 2))
-5
Evaluate -4 - (-5 - (-4 + 3)) - -9.
9
What is the value of 3 + (4 - 8) + 6 + 0?
5
Calculate -5 - (6 + -12) - (1 - -1).
-1
What is the value of -1 + -1 + -2 + 3 + 0?
-1
7 - 0 - (43 + -38)
2
Calculate -3 - (3 + (0 - 11 - -3)).
2
Evaluate 5 + 2 - (4 + 8 + -1).
-4
Calculate 1 + 4 - (9 - (3 + -4)).
-5
Evaluate (-4 - -10) + -6 + 1.
1
What is 0 + (-4 - -2) + 2?
0
Evaluate (0 - 1) + (1 - -1) - -2.
3
What is 2 + 1 + -6 - (-1 - -1)?
-3
Evaluate 0 + (2 - -1) - (227 - 229).
5
Evaluate -3 - (-3 - 3) - (-3 + 9).
-3
Calculate -2 - (2 + (3 - (2 - -4))).
-1
What is (-3 + -2 - 1) + 4?
-2
Calculate 7 - (3 + (-2 - -1)).
5
(0 - -2) + -3 - (19 + -22)
2
What is -212 - -202 - (-1 + 1 - 3)?
-7
Evaluate (15 - (-14 - -16)) + -9.
4
Calculate -2 - 2 - (-3 + 1 + -1).
-1
What is -4 + (0 - (1 + -3))?
-2
Calculate -2 + (-6 + 5 - (4 - 1)).
-6
What is -2 + 1 + -6 - -6?
-1
Calculate 1 + (-5 - ((2 - 3) + -2)).
-1
What is the value of (1 - 4) + (-4 - -3) + 2?
-2
What is (9 - -3 - 23) + 15?
4
Calculate 1 - (-1 + (-4 + 4 - -4)).
-2
-5 - (1 - 5 - -1) - 4
-6
What is the value of 8 + -1 + 8 + (89 - 99)?
5
10 + -5 - (-1 + 5)
1
What is the value of -1 + (2 - (2 + 0))?
-1
What is -261 + 267 - (0 - -1 - -3)?
2
Calculate -1 + (-3 - -11) - 14.
-7
Calculate (-1 - (1 + -2 + 6)) + 1.
-5
What is -2 + -2 - -12 - 3?
5
What is the value of -2 + (-1 - -14) - 7?
4
Calculate (1 - 4) + (-4 - -12).
5
What is 0 + 3 + -2 + 0?
1
Evaluate (0 - -7) + -150 + 144.
1
Evaluate -16 + 1 + 4 - -6 - -2.
-3
What is the value of -1 - -4 - (-7 + 9 + 1)?
0
Calculate (-20 - -17) + 0 + 8.
5
-7 + (13 - 0) + -15 + 12
3
Calculate 3 - (-1 + 4 + 5).
-5
Calculate -7 + 1 + (2 - -1).
-3
What is the value of -1 - 1 - (8 - (3 - -9))?
2
Evaluate -5 - -11 - 19 - -5.
-8
Evaluate 1 - -3 - 0 - 2.
2
What is 3 + 1 + (3 - (6 - -3))?
-2
5 + (-6 - (6 - 8))
1
What is the value of (-2 - -2) + (-4 - 1) + 2?
-3
Calculate -1 + (2 - 7) + 4.
-2
Evaluate (-3 - ((-7 - 5) + 7)) + 5.
7
Evaluate 1 - (6 - (1 + 2 - -6)).
4
What is -7 + (-1 - 3) + 9?
-2
What is (6 - 11) + -1 - (-3 + 2)?
-5
4 + -3 + 5 - 3
3
What is the value of 2 + (-5 - (4 - 11) - -2)?
6
What is the value of (-59 + 55 - (-1 - -1)) + 10?
6
Calculate 1 - (-1 + -1) - 2 - 1.
0
What is -4 - -3 - (-3 + 3 + -2)?
1
(-4 - -21) + -7 - 5
5
Evaluate -7 - (-13 - (-4 - -3)).
5
-1 + -2 + -1 + 1
-3
What is 6 + -4 + -4 + 4?
2
What is -5 - ((-11 - 0) + 5)?
1
What is 1 + -3 + -2 - -2?
-2
Calculate -3 - 4 - (7 + -17).
3
Evaluate -5 - (-1 + -10 - (-5 + 3)).
4
Evaluate 4 + (0 - (-3 - -4)) + -3.
0
Calculate -5 - (-3 + -4 + 8 + -3).
-3
Evaluate 4 - (3 + 1 - 4).
4
Calculate 1 + -3 - (-1 + 6 + -2).
-5
Calculate (-1 - (6 - -1) - -2) + 8.
2
What is the value of 1 + -4 + 6 - (4 - -3)?
-4
-4 - -3 - (-81 + 90)
-10
What is the value of -1 - (-1 + 2 + 2 + -7)?
3
Calculate (-4 - -14 - 10) + 4 + -3.
1
What is the value of 2 + (-1 - 0) + -18 + 14?
-3
Calculate -1 + (7 - (7 + (-1 - 3))).
3
-15 - -11 - (0 + -2) - -6
4
What is (1 - (1 + 4)) + 5 - -3?
4
13 + 1 + (5 - 13)
6
Evaluate (-4 - -1) + (-64 - -67).
0
Evaluate (7 - (7 + -3)) + 2.
5
What is the value of 5 - (-4 + (7 - 4)) - 1?
5
0 - 5 - ((6 - 1) + -7)
-3
Calculate (2 - (-1 + -2)) + (1 - 5).
1
What is the value of (-1 - 0) + 1 + 5 + -5?
0
Calculate (3 - -1) + (-2 - -2 - 0).
4
1 - 5 - (-12 - (10 - 12))
6
0 - (19 + (-4 - 7))
-8
Evaluate 0 + 3 + (3 - 6).
0
-4 + 0 + 4 + -4
-4
-8 - (6 - (4 + 8))
-2
Evaluate (-7 - -9) + 5 - (-1 - -3).
5
5 + 0 + 2 + -5
2
13 + (-29 - -12) + 11
7
Calculate -13 + 2 + -2 - -8 - -5.
0
What is 1 - (12 - 2) - -10?
1
-1 - -1 - (22 - 25)
3
Calculate 8 + -3 - (-3 - -11).
-3
Calculate 1 - -3 - (1 + -2 - -2).
3
Evaluate 7 + (1 - 14 - -7).
1
Calculate 0 - (13 + -3 + -10).
0
What is -2 - (2 + -11 + 4)?
3
Evaluate 13 + -4 + (-6 - -4 - 2).
5
What is (1 - 3) + 4 + -1?
1
Calculate (12 - (-7 - -13)) + -5.
1
Evaluate 16 - (10 + -6 + 3).
9
Evaluate -27 + -18 + 37 - (-6 - 1).
-1
Calculate 5 + -7 + (-4 - -7).
1
Calculate 4 + (-2 + -1 - (-1 - -3)).
-1
(0 - 12) + 9 - (3 - 2)
-4
What is the value of 11 - 2 - 21 - -9?
-3
What is the value of (-4 - 1) + (8 - 3) - 2?
-2
8 - (2 - (-7 + 4))
3
What is -27 + 22 - (1 - 0)?
-6
5 - 1 - (-17 - -17)
4
What is (2 + -3 - 0) + 2 - -3?
4
Evaluate 2 - ((1 - (1 + -1)) + 3).
-2
-12 + 8 + 7 - -4
7
What is the value of -23 + 2 + -36 + 48?
-9
What is the value of -7 - 1 - (41 + -53) - 8?
-4
What is the value of 2 + -4 + 3 + 1?
2
Evaluate -7 + (3 - -9 - 9).
-4
What is 5 + -5 - (-5 + 0)?
5
What is 10 + -5 + -9 + 11?
7
Calculate -4 - (3 + -2) - -9.
4
Evaluate 7 + -1 + 1 + -12 + 9.
4
What is (5 - -1) + (-1 - 5)?
0
Calculate (-17 - -10) + (-4 - -13).
2
-2 - (3 - 11) - (2 + -1)
5
What is 19 + -7 + -6 - 1?
5
What is 5 - (10 + -7 + -7)?
9
Evaluate 2 + 0 + (-9 - (5 + -17)).
5
What is -4 + 0 + 7 + (11 - 9)?
5
9